{"id":10606,"date":"2026-04-27T15:17:14","date_gmt":"2026-04-27T13:17:14","guid":{"rendered":"https:\/\/trun-cultura.ch\/event\/dialogische-fuehrung\/"},"modified":"2026-04-27T15:20:04","modified_gmt":"2026-04-27T13:20:04","slug":"dialogische-fuehrung","status":"publish","type":"tribe_events","link":"https:\/\/trun-cultura.ch\/en\/event\/dialogische-fuehrung\/","title":{"rendered":"Dialogische F\u00fchrung"},"content":{"rendered":"<p><div class=\"fusion-fullwidth fullwidth-box fusion-builder-row-1 fusion-flex-container has-pattern-background has-mask-background nonhundred-percent-fullwidth non-hundred-percent-height-scrolling\" style=\"--awb-border-radius-top-left:0px;--awb-border-radius-top-right:0px;--awb-border-radius-bottom-right:0px;--awb-border-radius-bottom-left:0px;--awb-margin-bottom:20px;--awb-flex-wrap:wrap;\" ><div class=\"fusion-builder-row fusion-row fusion-flex-align-items-flex-start fusion-flex-content-wrap\" style=\"max-width:1248px;margin-left: calc(-4% \/ 2 );margin-right: calc(-4% \/ 2 );\"><div class=\"fusion-layout-column fusion_builder_column fusion-builder-column-0 fusion_builder_column_1_2 1_2 fusion-flex-column\" style=\"--awb-bg-size:cover;--awb-width-large:50%;--awb-margin-top-large:0px;--awb-spacing-right-large:3.84%;--awb-margin-bottom-large:0px;--awb-spacing-left-large:3.84%;--awb-width-medium:50%;--awb-order-medium:0;--awb-spacing-right-medium:3.84%;--awb-spacing-left-medium:3.84%;--awb-width-small:100%;--awb-order-small:0;--awb-spacing-right-small:1.92%;--awb-margin-bottom-small:20px;--awb-spacing-left-small:1.92%;\" data-scroll-devices=\"small-visibility,medium-visibility,large-visibility\"><div class=\"fusion-column-wrapper fusion-column-has-shadow fusion-flex-justify-content-flex-start fusion-content-layout-column\"><div class=\"fusion-image-element \" style=\"--awb-caption-title-font-family:var(--h2_typography-font-family);--awb-caption-title-font-weight:var(--h2_typography-font-weight);--awb-caption-title-font-style:var(--h2_typography-font-style);--awb-caption-title-size:var(--h2_typography-font-size);--awb-caption-title-transform:var(--h2_typography-text-transform);--awb-caption-title-line-height:var(--h2_typography-line-height);--awb-caption-title-letter-spacing:var(--h2_typography-letter-spacing);\"><span class=\" fusion-imageframe imageframe-none imageframe-1 hover-type-none\"><a class=\"fusion-no-lightbox\" href=\"https:\/\/trun-cultura.ch\/event\/ausstellung-notvital\/\" target=\"_self\" aria-label=\"Venice Traces I, 2015\"><img decoding=\"async\" width=\"641\" height=\"434\" src=\"https:\/\/trun-cultura.ch\/wp-content\/uploads\/2025\/12\/Venice-Traces-I-2015.jpg\" alt class=\"img-responsive wp-image-10103\" srcset=\"https:\/\/trun-cultura.ch\/wp-content\/uploads\/2025\/12\/Venice-Traces-I-2015-200x135.jpg 200w, https:\/\/trun-cultura.ch\/wp-content\/uploads\/2025\/12\/Venice-Traces-I-2015-400x271.jpg 400w, https:\/\/trun-cultura.ch\/wp-content\/uploads\/2025\/12\/Venice-Traces-I-2015-600x406.jpg 600w, https:\/\/trun-cultura.ch\/wp-content\/uploads\/2025\/12\/Venice-Traces-I-2015.jpg 641w\" sizes=\"(max-width: 575px) 100vw, 600px\" \/><\/a><\/span><\/div><\/div><\/div><div class=\"fusion-layout-column fusion_builder_column fusion-builder-column-1 fusion_builder_column_1_2 1_2 fusion-flex-column\" style=\"--awb-bg-size:cover;--awb-width-large:50%;--awb-margin-top-large:0px;--awb-spacing-right-large:3.84%;--awb-margin-bottom-large:0px;--awb-spacing-left-large:3.84%;--awb-width-medium:50%;--awb-order-medium:0;--awb-spacing-right-medium:3.84%;--awb-spacing-left-medium:3.84%;--awb-width-small:100%;--awb-order-small:0;--awb-spacing-right-small:1.92%;--awb-spacing-left-small:1.92%;\" data-scroll-devices=\"small-visibility,medium-visibility,large-visibility\"><div class=\"fusion-column-wrapper fusion-column-has-shadow fusion-flex-justify-content-flex-start fusion-content-layout-column\"><div class=\"fusion-text fusion-text-1\"><p><strong>Kosten<\/strong><br \/>\nDie F\u00fchrung ist im Eintrittspreis inbegriffen. Eine Anmeldung ist nicht erforderlich.<\/p>\n<p><strong>Kurzinfo<\/strong><br \/>\nDie F\u00fchrung bietet Einblick in die diesj\u00e4hrige Ausstellung SPESCHA &amp; SPESCHA \/ ENERGY FIELDS, in der Venice Spescha zusammen mit Werken ihres Vaters Matias Spescha die Wechselwirkungen zwischen dem sichtbaren (Bild)-Raum und den von ihm erzeugten unsichtbaren energetischen Feldern untersucht.<\/p>\n<p>Esther Spycher f\u00fchrt im Dialog mit der K\u00fcnstlerin Venice Spescha durch die Ausstellung und gibt Einblicke in die Hintergr\u00fcnde der einzelnen Werke.<\/p>\n<p><strong>Ausstellung<br \/>\n<\/strong>Informationen zur Ausstellung finden Sie <a href=\"https:\/\/trun-cultura.ch\/event\/energyfields\/\">hier.<\/a><\/p>\n<p><strong>Anreise<\/strong><br \/>\nmit \u00d6V: bis Bahnhof Trun, dann 10 Minuten Fussweg.<br \/>\nmit Auto: Parkpl\u00e4tze beim Gemeindehaus oder am Dorfausgang gegen\u00fcber Museum Sursilvan.<\/p>\n<\/div><\/div><\/div><\/div><\/div><div class=\"fusion-fullwidth fullwidth-box fusion-builder-row-2 fusion-flex-container has-pattern-background has-mask-background nonhundred-percent-fullwidth non-hundred-percent-height-scrolling\" style=\"--awb-border-radius-top-left:0px;--awb-border-radius-top-right:0px;--awb-border-radius-bottom-right:0px;--awb-border-radius-bottom-left:0px;--awb-flex-wrap:wrap;\" ><div class=\"fusion-builder-row fusion-row fusion-flex-align-items-flex-start fusion-flex-content-wrap\" style=\"max-width:1248px;margin-left: calc(-4% \/ 2 );margin-right: calc(-4% \/ 2 );\"><div class=\"fusion-layout-column fusion_builder_column fusion-builder-column-2 fusion_builder_column_1_2 1_2 fusion-flex-column\" style=\"--awb-bg-size:cover;--awb-width-large:50%;--awb-margin-top-large:0px;--awb-spacing-right-large:3.84%;--awb-margin-bottom-large:20px;--awb-spacing-left-large:3.84%;--awb-width-medium:50%;--awb-order-medium:0;--awb-spacing-right-medium:3.84%;--awb-spacing-left-medium:3.84%;--awb-width-small:100%;--awb-order-small:0;--awb-spacing-right-small:1.92%;--awb-spacing-left-small:1.92%;\"><div class=\"fusion-column-wrapper fusion-column-has-shadow fusion-flex-justify-content-flex-start fusion-content-layout-column\"><\/div><\/div><div class=\"fusion-layout-column fusion_builder_column fusion-builder-column-3 fusion_builder_column_1_2 1_2 fusion-flex-column\" style=\"--awb-bg-size:cover;--awb-width-large:50%;--awb-margin-top-large:0px;--awb-spacing-right-large:3.84%;--awb-margin-bottom-large:20px;--awb-spacing-left-large:3.84%;--awb-width-medium:50%;--awb-order-medium:0;--awb-spacing-right-medium:3.84%;--awb-spacing-left-medium:3.84%;--awb-width-small:100%;--awb-order-small:0;--awb-spacing-right-small:1.92%;--awb-spacing-left-small:1.92%;\"><div class=\"fusion-column-wrapper fusion-column-has-shadow fusion-flex-justify-content-flex-start fusion-content-layout-column\"><\/div><\/div><\/div><\/div><\/p>\n","protected":false},"excerpt":{"rendered":"","protected":false},"author":6,"featured_media":10378,"template":"","meta":{"_tribe_events_status":"","_tribe_events_status_reason":"","footnotes":""},"tags":[],"tribe_events_cat":[96,97],"class_list":["post-10606","tribe_events","type-tribe_events","status-publish","has-post-thumbnail","hentry","tribe_events_cat-event","tribe_events_cat-guided-tour","cat_event","cat_guided-tour"],"_links":{"self":[{"href":"https:\/\/trun-cultura.ch\/en\/wp-json\/wp\/v2\/tribe_events\/10606","targetHints":{"allow":["GET"]}}],"collection":[{"href":"https:\/\/trun-cultura.ch\/en\/wp-json\/wp\/v2\/tribe_events"}],"about":[{"href":"https:\/\/trun-cultura.ch\/en\/wp-json\/wp\/v2\/types\/tribe_events"}],"author":[{"embeddable":true,"href":"https:\/\/trun-cultura.ch\/en\/wp-json\/wp\/v2\/users\/6"}],"version-history":[{"count":5,"href":"https:\/\/trun-cultura.ch\/en\/wp-json\/wp\/v2\/tribe_events\/10606\/revisions"}],"predecessor-version":[{"id":10616,"href":"https:\/\/trun-cultura.ch\/en\/wp-json\/wp\/v2\/tribe_events\/10606\/revisions\/10616"}],"wp:featuredmedia":[{"embeddable":true,"href":"https:\/\/trun-cultura.ch\/en\/wp-json\/wp\/v2\/media\/10378"}],"wp:attachment":[{"href":"https:\/\/trun-cultura.ch\/en\/wp-json\/wp\/v2\/media?parent=10606"}],"wp:term":[{"taxonomy":"post_tag","embeddable":true,"href":"https:\/\/trun-cultura.ch\/en\/wp-json\/wp\/v2\/tags?post=10606"},{"taxonomy":"tribe_events_cat","embeddable":true,"href":"https:\/\/trun-cultura.ch\/en\/wp-json\/wp\/v2\/tribe_events_cat?post=10606"}],"curies":[{"name":"wp","href":"https:\/\/api.w.org\/{rel}","templated":true}]}}

Dialogische Führung

<p><div class="fusion-fullwidth fullwidth-box fusion-builder-row-1 fusion-flex-container has-pattern-background has-mask-background nonhundred-percent-fullwidth non-hundred-percent-height-scrolling" style="--awb-border-radius-top-left:0px;--awb-border-radius-top-right:0px;--awb-border-radius-bottom-right:0px;--awb-border-radius-bottom-left:0px;--awb-margin-bottom:20px;--awb-flex-wrap:wrap;" ><div class="fusion-builder-row fusion-row fusion-flex-align-items-flex-start fusion-flex-content-wrap" style="max-width:1248px;margin-left: calc(-4% / 2 );margin-right: calc(-4% / 2 );"><div class="fusion-layout-column fusion_builder_column fusion-builder-column-0 fusion_builder_column_1_2 1_2 fusion-flex-column" style="--awb-bg-size:cover;--awb-width-large:50%;--awb-margin-top-large:0px;--awb-spacing-right-large:3.84%;--awb-margin-bottom-large:0px;--awb-spacing-left-large:3.84%;--awb-width-medium:50%;--awb-order-medium:0;--awb-spacing-right-medium:3.84%;--awb-spacing-left-medium:3.84%;--awb-width-small:100%;--awb-order-small:0;--awb-spacing-right-small:1.92%;--awb-margin-bottom-small:20px;--awb-spacing-left-small:1.92%;" data-scroll-devices="small-visibility,medium-visibility,large-visibility"><div class="fusion-column-wrapper fusion-column-has-shadow fusion-flex-justify-content-flex-start fusion-content-layout-column"><div class="fusion-image-element " style="--awb-caption-title-font-family:var(--h2_typography-font-family);--awb-caption-title-font-weight:var(--h2_typography-font-weight);--awb-caption-title-font-style:var(--h2_typography-font-style);--awb-caption-title-size:var(--h2_typography-font-size);--awb-caption-title-transform:var(--h2_typography-text-transform);--awb-caption-title-line-height:var(--h2_typography-line-height);--awb-caption-title-letter-spacing:var(--h2_typography-letter-spacing);"><span class=" fusion-imageframe imageframe-none imageframe-1 hover-type-none"><a class="fusion-no-lightbox" href="https://trun-cultura.ch/event/ausstellung-notvital/" target="_self" aria-label="Venice Traces I, 2015"><img decoding="async" width="641" height="434" src="https://trun-cultura.ch/wp-content/uploads/2025/12/Venice-Traces-I-2015.jpg" alt class="img-responsive wp-image-10103" srcset="https://trun-cultura.ch/wp-content/uploads/2025/12/Venice-Traces-I-2015-200x135.jpg 200w, https://trun-cultura.ch/wp-content/uploads/2025/12/Venice-Traces-I-2015-400x271.jpg 400w, https://trun-cultura.ch/wp-content/uploads/2025/12/Venice-Traces-I-2015-600x406.jpg 600w, https://trun-cultura.ch/wp-content/uploads/2025/12/Venice-Traces-I-2015.jpg 641w" sizes="(max-width: 575px) 100vw, 600px" /></a></span></div></div></div><div class="fusion-layout-column fusion_builder_column fusion-builder-column-1 fusion_builder_column_1_2 1_2 fusion-flex-column" style="--awb-bg-size:cover;--awb-width-large:50%;--awb-margin-top-large:0px;--awb-spacing-right-large:3.84%;--awb-margin-bottom-large:0px;--awb-spacing-left-large:3.84%;--awb-width-medium:50%;--awb-order-medium:0;--awb-spacing-right-medium:3.84%;--awb-spacing-left-medium:3.84%;--awb-width-small:100%;--awb-order-small:0;--awb-spacing-right-small:1.92%;--awb-spacing-left-small:1.92%;" data-scroll-devices="small-visibility,medium-visibility,large-visibility"><div class="fusion-column-wrapper fusion-column-has-shadow fusion-flex-justify-content-flex-start fusion-content-layout-column"><div class="fusion-text fusion-text-1"><p><strong>Kosten</strong><br />
Die Führung ist im Eintrittspreis inbegriffen. Eine Anmeldung ist nicht erforderlich.</p>
<p><strong>Kurzinfo</strong><br />
Die Führung bietet Einblick in die diesjährige Ausstellung SPESCHA &amp; SPESCHA / ENERGY FIELDS, in der Venice Spescha zusammen mit Werken ihres Vaters Matias Spescha die Wechselwirkungen zwischen dem sichtbaren (Bild)-Raum und den von ihm erzeugten unsichtbaren energetischen Feldern untersucht.</p>
<p>Esther Spycher führt im Dialog mit der Künstlerin Venice Spescha durch die Ausstellung und gibt Einblicke in die Hintergründe der einzelnen Werke.</p>
<p><strong>Ausstellung<br />
</strong>Informationen zur Ausstellung finden Sie <a href="https://trun-cultura.ch/event/energyfields/">hier.</a></p>
<p><strong>Anreise</strong><br />
mit ÖV: bis Bahnhof Trun, dann 10 Minuten Fussweg.<br />
mit Auto: Parkplätze beim Gemeindehaus oder am Dorfausgang gegenüber Museum Sursilvan.</p>
</div></div></div></div></div><div class="fusion-fullwidth fullwidth-box fusion-builder-row-2 fusion-flex-container has-pattern-background has-mask-background nonhundred-percent-fullwidth non-hundred-percent-height-scrolling" style="--awb-border-radius-top-left:0px;--awb-border-radius-top-right:0px;--awb-border-radius-bottom-right:0px;--awb-border-radius-bottom-left:0px;--awb-flex-wrap:wrap;" ><div class="fusion-builder-row fusion-row fusion-flex-align-items-flex-start fusion-flex-content-wrap" style="max-width:1248px;margin-left: calc(-4% / 2 );margin-right: calc(-4% / 2 );"><div class="fusion-layout-column fusion_builder_column fusion-builder-column-2 fusion_builder_column_1_2 1_2 fusion-flex-column" style="--awb-bg-size:cover;--awb-width-large:50%;--awb-margin-top-large:0px;--awb-spacing-right-large:3.84%;--awb-margin-bottom-large:20px;--awb-spacing-left-large:3.84%;--awb-width-medium:50%;--awb-order-medium:0;--awb-spacing-right-medium:3.84%;--awb-spacing-left-medium:3.84%;--awb-width-small:100%;--awb-order-small:0;--awb-spacing-right-small:1.92%;--awb-spacing-left-small:1.92%;"><div class="fusion-column-wrapper fusion-column-has-shadow fusion-flex-justify-content-flex-start fusion-content-layout-column"></div></div><div class="fusion-layout-column fusion_builder_column fusion-builder-column-3 fusion_builder_column_1_2 1_2 fusion-flex-column" style="--awb-bg-size:cover;--awb-width-large:50%;--awb-margin-top-large:0px;--awb-spacing-right-large:3.84%;--awb-margin-bottom-large:20px;--awb-spacing-left-large:3.84%;--awb-width-medium:50%;--awb-order-medium:0;--awb-spacing-right-medium:3.84%;--awb-spacing-left-medium:3.84%;--awb-width-small:100%;--awb-order-small:0;--awb-spacing-right-small:1.92%;--awb-spacing-left-small:1.92%;"><div class="fusion-column-wrapper fusion-column-has-shadow fusion-flex-justify-content-flex-start fusion-content-layout-column"></div></div></div></div></p>
